{"id":130,"date":"2016-06-29T15:55:55","date_gmt":"2016-06-29T15:55:55","guid":{"rendered":"http:\/\/enanpur.jessicaluchesi.com\/?page_id=130"},"modified":"2017-06-05T15:07:02","modified_gmt":"2017-06-05T15:07:02","slug":"inicial","status":"publish","type":"page","link":"https:\/\/xviienanpur.anpur.org.br\/","title":{"rendered":"PAGINA INICIAL"},"content":{"rendered":"<p>[et_pb_section admin_label=&#8221;Se\u00e7\u00e3o&#8221; fullwidth=&#8221;on&#8221; specialty=&#8221;off&#8221;][et_pb_fullwidth_image admin_label=&#8221;Imagem de Largura Inteira&#8221; src=&#8221;http:\/\/xviienanpur.anpur.org.br\/wp-content\/uploads\/2016\/06\/SiteLargoBolinhas.jpg&#8221; show_in_lightbox=&#8221;off&#8221; url_new_window=&#8221;off&#8221; use_overlay=&#8221;off&#8221; animation=&#8221;left&#8221; use_border_color=&#8221;off&#8221; border_color=&#8221;#ffffff&#8221; border_style=&#8221;solid&#8221;] [\/et_pb_fullwidth_image][\/et_pb_section][et_pb_section admin_label=&#8221;Se\u00e7\u00e3o&#8221; fullwidth=&#8221;off&#8221; specialty=&#8221;off&#8221;][et_pb_row admin_label=&#8221;Linha&#8221; make_fullwidth=&#8221;off&#8221; use_custom_width=&#8221;off&#8221; width_unit=&#8221;on&#8221; use_custom_gutter=&#8221;off&#8221; padding_mobile=&#8221;off&#8221; allow_player_pause=&#8221;off&#8221; parallax=&#8221;off&#8221; parallax_method=&#8221;off&#8221; make_equal=&#8221;off&#8221; parallax_1=&#8221;off&#8221; parallax_method_1=&#8221;off&#8221; column_padding_mobile=&#8221;on&#8221;][et_pb_column type=&#8221;4_4&#8243;][et_pb_text admin_label=&#8221;Texto&#8221; background_layout=&#8221;light&#8221; text_orientation=&#8221;left&#8221; use_border_color=&#8221;off&#8221; border_color=&#8221;#ffffff&#8221; border_style=&#8221;solid&#8221; header_line_height=&#8221;1.5em&#8221; header_font_size=&#8221;33px&#8221;]<\/p>\n<h1 style=\"text-align: center;\"><\/h1>\n<h1 style=\"text-align: center;\"><\/h1>\n<h1 style=\"text-align: center;\"><\/h1>\n<h1 style=\"text-align: center;\"><strong>XVII <\/strong><strong>Encontro Nacional da Associa\u00e7\u00e3o Nacional de P\u00f3s-Gradua\u00e7\u00e3o e Pesquisa em Planejamento Urbano e Regional<\/strong><\/h1>\n<h3 style=\"text-align: center;\"><\/h3>\n<h3 style=\"text-align: center;\"><\/h3>\n<h3 style=\"text-align: center;\">S\u00c3O PAULO, 22 A 26 DE MAIO DE 2017<\/h3>\n<h4 style=\"text-align: center;\"><em>Oficina de P\u00f3s-Gradua\u00e7\u00e3o: dia 20 de maio de 2017<\/em><\/h4>\n<h4 style=\"text-align: center;\"><em>Oficinas de Pr\u00e1ticas Urbanas: dias 20 e 21 de maio de 2017<\/em><\/h4>\n<p>&nbsp;<\/p>\n<h3 style=\"text-align: center;\"><\/h3>\n<h3 style=\"text-align: center;\"><strong>TEMA:<\/strong><\/h3>\n<h3 style=\"text-align: center;\"><strong>Desenvolvimento, crise e resist\u00eancia:<\/strong><strong><br \/>\n<\/strong><\/h3>\n<h3 style=\"text-align: center;\"><strong>Quais os caminhos do Planejamento Urbano e Regional?<\/strong><\/h3>\n<h5 style=\"text-align: justify;\"><\/h5>\n<h5 style=\"text-align: justify;\">A primeira d\u00e9cada do S\u00e9culo XXI representou um per\u00edodo de retomada do crescimento econ\u00f4mico para o Brasil e para a Am\u00e9rica Latina. Influenciados pelas condi\u00e7\u00f5es internacionais favor\u00e1veis, expans\u00e3o do com\u00e9rcio internacional e valoriza\u00e7\u00e3o das commodities em virtude do crescimento chin\u00eas, esses pa\u00edses voltaram a crescer ap\u00f3s duas d\u00e9cadas de estagna\u00e7\u00e3o. Concomitantemente, a ascens\u00e3o ao poder de governos progressistas ocasionou a retomada de pol\u00edticas p\u00fablicas, como o fomento a pol\u00edticas de desenvolvimento, a cria\u00e7\u00e3o de novas pol\u00edticas de transfer\u00eancia de renda, e a retomada de investimentos em infraestrutura e habita\u00e7\u00e3o. A retomada de investimentos p\u00fablicos permitiu avan\u00e7os na redu\u00e7\u00e3o da pobreza e da desigualdade em v\u00e1rios pa\u00edses da regi\u00e3o, conforme relato das ag\u00eancias multilaterais, fomentando impactos com alguma relev\u00e2ncia no desenvolvimento urbano e regional.<\/h5>\n<h5 style=\"text-align: justify;\">Contudo, a constru\u00e7\u00e3o de um modelo de desenvolvimento mais inclusivo n\u00e3o prosperou. A agenda de reformas urbano-regionais, que seria parte central desse modelo, pouco avan\u00e7ou. Como explicar a perda de efic\u00e1cia dessas pol\u00edticas e o enfraquecimento dos governos que as conduziam com relativo sucesso at\u00e9 bem pouco tempo?<\/h5>\n<h5 style=\"text-align: justify;\">A crise econ\u00f4mica mundial resultante do esgotamento do ciclo de crescimento do modelo financeiro-imobili\u00e1rio dos pa\u00edses centrais e a diminui\u00e7\u00e3o do ritmo de crescimento da China acabaram por contaminar esse ciclo de desenvolvimento. A volta da recess\u00e3o econ\u00f4mica e a necessidade de adapta\u00e7\u00e3o a essa nova realidade t\u00eam ocasionado a revis\u00e3o de pol\u00edticas e programas e a diminui\u00e7\u00e3o dos investimentos p\u00fablicos, colocando em xeque os avan\u00e7os obtidos pelo Brasil e a quase totalidade dos pa\u00edses latino-americanos. As crises pol\u00edticas passaram a amea\u00e7ar os avan\u00e7os na regi\u00e3o, fazendo regredir as pol\u00edticas de inclus\u00e3o social e pondo limite \u00e0 continuidade de governos progressistas.<\/h5>\n<h5 style=\"text-align: justify;\">Por outro lado, a popula\u00e7\u00e3o inserida em um novo padr\u00e3o de consumo, dentro de um ambiente democr\u00e1tico, tem tido uma postura mais ativa com rela\u00e7\u00e3o \u00e0s pol\u00edticas p\u00fablicas, como p\u00f4de ser visto na volta dos movimentos sociais \u00e0s ruas, clamando pela sua expans\u00e3o e melhoria. Movimentos como as \u201cJornadas de Junho de 2013\u201d no Brasil t\u00eam demonstrado a resist\u00eancia da sociedade civil \u00e0 diminui\u00e7\u00e3o das conquistas sociais. Todavia, outros movimentos surgiram com uma fei\u00e7\u00e3o mais conservadora, contrapondo-se aos primeiros, mostrando o car\u00e1ter antag\u00f4nico das for\u00e7as que lutam, de um lado, pelo o direito \u00e0 cidade e pela redu\u00e7\u00e3o das desigualdades socioespaciais e, de outro, pela manuten\u00e7\u00e3o do <em>status quo<\/em> urbano-regional patrimonialista e rentista.<\/h5>\n<h5 style=\"text-align: justify;\">Diante de um cen\u00e1rio que aponta para uma tend\u00eancia de forte redu\u00e7\u00e3o nos investimentos p\u00fablicos, o retorno do aumento das desigualdades socioespaciais e a retomada da concentra\u00e7\u00e3o da renda e riqueza, cabe o questionamento do que se fazer.<\/h5>\n<h5 style=\"text-align: justify;\">Este \u00e9 um importante momento para se discutir a agenda p\u00fablica nacional, regional e local, para o planejamento urbano e regional, mas tamb\u00e9m para se pensar em propostas, estrat\u00e9gias e, sobretudo, em mecanismos de resist\u00eancias que fortale\u00e7am a defesa da agenda p\u00fablica. A sociedade brasileira clama por solu\u00e7\u00f5es concretas dos problemas e impasses urbanos e regionais, evitando o recuo da agenda de reformas urbanas e regionais.<\/h5>\n<h5 style=\"text-align: justify;\">O XVII Encontro Nacional da ANPUR, com o tema \u201c<strong>Desenvolvimento, Crise e Resist\u00eancia: quais os caminhos do planejamento urbano e regional?<\/strong>\u201d, prop\u00f5e-se como importante f\u00f3rum de debate cient\u00edfico-acad\u00eamico na \u00e1rea dos estudos urbanos e regionais de forma a aprofundar a discuss\u00e3o acerca das quest\u00f5es relacionadas ao atual momento pol\u00edtico, econ\u00f4mico e social do Brasil.<\/h5>\n<p>[\/et_pb_text][\/et_pb_column][\/et_pb_row][\/et_pb_section]<\/p>\n","protected":false},"excerpt":{"rendered":"<p>XVII Encontro Nacional da Associa\u00e7\u00e3o Nacional de P\u00f3s-Gradua\u00e7\u00e3o e Pesquisa em Planejamento Urbano e Regional S\u00c3O PAULO, 22 A 26 DE MAIO DE 2017 Oficina de P\u00f3s-Gradua\u00e7\u00e3o: dia 20 de maio de 2017 Oficinas de Pr\u00e1ticas Urbanas: dias 20 e 21 de maio de 2017 &nbsp; TEMA: Desenvolvimento, crise e resist\u00eancia: Quais os caminhos do [&hellip;]<\/p>\n","protected":false},"author":1,"featured_media":0,"parent":0,"menu_order":0,"comment_status":"closed","ping_status":"closed","template":"","meta":{"_et_pb_use_builder":"on","_et_pb_old_content":"","_et_gb_content_width":"","footnotes":""},"class_list":["post-130","page","type-page","status-publish","hentry"],"_links":{"self":[{"href":"https:\/\/xviienanpur.anpur.org.br\/index.php?rest_route=\/wp\/v2\/pages\/130","targetHints":{"allow":["GET"]}}],"collection":[{"href":"https:\/\/xviienanpur.anpur.org.br\/index.php?rest_route=\/wp\/v2\/pages"}],"about":[{"href":"https:\/\/xviienanpur.anpur.org.br\/index.php?rest_route=\/wp\/v2\/types\/page"}],"author":[{"embeddable":true,"href":"https:\/\/xviienanpur.anpur.org.br\/index.php?rest_route=\/wp\/v2\/users\/1"}],"replies":[{"embeddable":true,"href":"https:\/\/xviienanpur.anpur.org.br\/index.php?rest_route=%2Fwp%2Fv2%2Fcomments&post=130"}],"version-history":[{"count":46,"href":"https:\/\/xviienanpur.anpur.org.br\/index.php?rest_route=\/wp\/v2\/pages\/130\/revisions"}],"predecessor-version":[{"id":1501,"href":"https:\/\/xviienanpur.anpur.org.br\/index.php?rest_route=\/wp\/v2\/pages\/130\/revisions\/1501"}],"wp:attachment":[{"href":"https:\/\/xviienanpur.anpur.org.br\/index.php?rest_route=%2Fwp%2Fv2%2Fmedia&parent=130"}],"curies":[{"name":"wp","href":"https:\/\/api.w.org\/{rel}","templated":true}]}}